ime factors of 1477696?
2, 11, 2099
What are the prime factors of 5438857?
31, 175447
List the prime factors of 522676.
2, 7, 11, 1697
List the prime factors of 116790.
2, 3, 5, 17, 229
List the prime factors of 22762.
2, 19, 599
What are the prime factors of 28632562?
2, 7, 23, 12703
List the prime factors of 3695734.
2, 7, 277, 953
What are the prime factors of 87101?
7, 23, 541
What are the prime factors of 3709714?
2, 73, 25409
List the prime factors of 315512.
2, 39439
List the prime factors of 32105.
5, 6421
What are the prime factors of 39948?
2, 3, 3329
What are the prime factors of 662661?
3, 101
List the prime factors of 360125.
5, 43, 67
What are the prime factors of 35037270?
2, 3, 5, 389303
What are the prime factors of 5414594?
2, 2707297
What are the prime factors of 4234264?
2, 19, 89, 313
List the prime factors of 2072420.
2, 5, 7, 113, 131
List the prime factors of 215624.
2, 26953
List the prime factors of 78125.
5
List the prime factors of 165788.
2, 7, 31, 191
What are the prime factors of 912937?
359, 2543
List the prime factors of 10793721.
3, 3597907
What are the prime factors of 15469121?
43, 359747
What are the prime factors of 5464189?
197, 27737
List the prime factors of 3372553.
727, 4639
What are the prime factors of 1095308?
2, 273827
List the prime factors of 26245850.
2, 5, 131, 4007
List the prime factors of 4770704.
2, 298169
List the prime factors of 158967.
3, 17, 1039
List the prime factors of 6739636.
2, 127, 13267
What are the prime factors of 22273910?
2, 5, 17, 131023
What are the prime factors of 1466932?
2, 366733
List the prime factors of 12819436.
2, 7, 457837
What are the prime factors of 6660940?
2, 5, 11, 13, 17, 137
List the prime factors of 6160140.
2, 3, 5, 7, 4889
List the prime factors of 1260252.
2, 3, 7, 1667
What are the prime factors of 4819736?
2, 97, 6211
What are the prime factors of 554120?
2, 5, 7, 1979
List the prime factors of 288413.
288413
What are the prime factors of 36585?
3, 5, 271
What are the prime factors of 3732031?
3732031
List the prime factors of 6342217.
7, 71, 1823
What are the prime factors of 26537334?
2, 3, 1163, 3803
List the prime factors of 21481268.
2, 17, 103, 3067
List the prime factors of 4961990.
2, 5, 11, 79, 571
List the prime factors of 450964.
2, 112741
What are the prime factors of 1496533?
1496533
List the prime factors of 176054.
2, 19, 41, 113
List the prime factors of 5276386.
2, 31, 85103
What are the prime factors of 379474?
2, 17, 11161
What are the prime factors of 5679053?
43, 132071
What are the prime factors of 339786?
2, 3, 43, 439
What are the prime factors of 48845?
5, 9769
List the prime factors of 1581015.
3, 5, 105401
List the prime factors of 16065272.
2, 17, 118127
List the prime factors of 194277.
3, 31, 2089
What are the prime factors of 165450?
2, 3, 5, 1103
What are the prime factors of 27815285?
5, 5563057
List the prime factors of 152431.
313, 487
What are the prime factors of 320418?
2, 3, 7, 2543
What are the prime factors of 163811?
163811
List the prime factors of 231110.
2, 5, 11, 191
List the prime factors of 10624565.
5, 7, 107, 2837
What are the prime factors of 5035858?
2, 2517929
What are the prime factors of 26091186?
2, 3, 11, 395321
List the prime factors of 51947.
7, 41, 181
List the prime factors of 7097.
47, 151
List the prime factors of 10297439.
10297439
What are the prime factors of 6087406?
2, 13, 234131
What are the prime factors of 27554808?
2, 3, 769, 1493
What are the prime factors of 182118?
2, 3, 127, 239
List the prime factors of 14663738.
2, 1933, 3793
List the prime factors of 906559.
17, 53327
List the prime factors of 133896.
2, 3, 7, 797
List the prime factors of 148112.
2, 9257
What are the prime factors of 244426?
2, 7, 13, 17, 79
List the prime factors of 16929918.
2, 3, 313517
What are the prime factors of 659457?
3, 47, 1559
What are the prime factors of 2664202?
2, 31, 97, 443
List the prime factors of 269879.
269879
List the prime factors of 3969085.
5, 29, 31, 883
List the prime factors of 3220750.
2, 5, 13, 991
What are the prime factors of 17498297?
19, 920963
What are the prime factors of 3914930?
2, 5, 17, 23029
List the prime factors of 737729.
737729
List the prime factors of 1348849.
1348849
What are the prime factors of 720162?
2, 3, 40009
List the prime factors of 2030847.
3, 7, 13, 43, 173
List the prime factors of 165026.
2, 109, 757
What are the prime factors of 3350111?
23, 113, 1289
What are the prime factors of 490685?
5, 13, 7549
What are the prime factors of 1114191?
3, 13, 89, 107
What are the prime factors of 159187?
7, 22741
List the prime factors of 605229.
3, 201743
What are the prime factors of 406651?
7, 43, 193
List the prime factors of 368876.
2, 92219
What are the prime factors of 228277?
7, 32611
What are the prime factors of 200937?
3, 11, 6089
What are the prime factors of 1726525?
5, 69061
What are the prime factors of 1014569?
151, 6719
List the prime factors of 234994.
2, 117497
What are the prime factors of 3074734?
2, 13, 118259
List the prime factors of 2183131.
2183131
What are the prime factors of 2143226?
2, 83, 12911
What are the prime factors of 381365?
5, 89, 857
List the prime factors of 1235375.
5, 9883
What are the prime factors of 227352?
2, 3, 9473
What are the prime factors of 11925604?
2, 2981401
List the prime factors of 26828373.
3, 11, 13, 23, 2719
List the prime factors of 16705028.
2, 19, 73, 3011
What are the prime factors of 1716620?
2, 5, 85831
What are the prime factors of 8292664?
2, 19, 89, 613
List the prime factors of 1745593.
1745593
What are the prime factors of 86053?
11, 7823
What are the prime factors of 3124980?
2, 3, 5, 643
What are the prime factors of 219315?
3, 5, 14621
What are the prime factors of 840135?
3, 5, 56009
List the prime factors of 268230.
2, 3, 5, 8941
List the prime factors of 2231789.
7, 277, 1151
List the prime factors of 2324724.
2, 3, 193727
What are the prime factors of 19183674?
2, 3, 29, 110251
What are the prime factors of 1258200?
2, 3, 5, 233
List the prime factors of 394284.
2, 3, 11, 29, 103
What are the prime factors of 1476762?
2, 3, 7, 5023
List the prime factors of 200484.
2, 3, 5569
What are the prime factors of 3102833?
19, 163307
What are the prime factors of 8492362?
2, 4246181
List the prime factors of 5285636.
2, 1321409
What are the prime factors of 8980847?
61, 147227
List the prime factors of 3360.
2, 3, 5, 7
What are the prime factors of 232403?
277, 839
List the prime factors of 3766722.
2, 3, 627787
What are the prime factors of 866307?
3, 13, 97, 229
What are the prime factors of 13110493?
11, 67, 17789
List the prime factors of 13701393.
3, 47, 59, 61
List the prime factors of 395357.
29, 13633
What are the prime factors of 542579?
542579
List the prime factors of 1102487.
127, 8681
What are the prime factors of 18287?
18287
List the prime factors of 6015668.
2, 113, 13309
What are the prime factors of 1177160?
2, 5, 29429
List the prime factors of 201393.
3, 7459
List the prime factors of 28848346.
2, 19, 759167
What are the prime factors of 25052134?
2, 12526067
What are the prime factors of 254309?
11, 61, 379
What are the prime factors of 3117638?
2, 1558819
What are the prime factors of 28949111?
23, 1258657
List the prime factors of 13968386.
2, 6984193
List the prime factors of 1381732.
2, 11, 31, 1013
What are the prime factors of 3664279?
3664279
What are the prime factors of 252185?
5, 31, 1627
What are the prime factors of 432611?
19, 22769
List the prime factors of 4195052.
2, 353, 2971
What are the prime factors of 676294?
2, 17, 19891
What are the prime factors of 19851562?
2, 9925781
What are the prime factors of 6774064?
2, 11, 3499
List the prime factors of 3975905.
5, 31, 113, 227
What are the prime factors of 355421?
11, 79, 409
List the prime factors of 99042.
2, 3, 17, 971
What are the prime factors of 2912535?
3, 5, 59, 1097
List the prime factors of 143894.
2, 71947
List the prime factors of 1310412.
2, 3, 109201
List the prime factors of 115744.
2, 3617
What are the prime factors of 286651?
286651
List the prime factors of 17414575.
5, 307, 2269
What are the prime factors of 28732530?
2, 3, 5, 957751
List the prime factors of 2945140.
2, 5, 1